Let s(i) = 2 - 2 + 12*i - 11*i - i**2. What is s(0)?
0
Let s be (2/4)/(4/(-32)). Suppose 5*v - 12 = v. Let o(h) = 20*h + 4*h**2 - 5 - 16*h - v*h**2. Calculate o(s).
-5
Let k(n) = -n - 3. Suppose 3*z - 10 = 2. Suppose -z = -3*p + 4*i - 1, -32 = -4*p - 4*i. Give k(p).
-8
Let k(g) = -3 - g + 9 - 9. Give k(-3).
0
Let v(w) be the third derivative of -w**7/2520 + w**6/720 + w**5/60 + 8*w**2. Let g(z) be the third derivative of v(z). Calculate g(-2).
5
Let r(t) be the second derivative of -2*t**3/3 + t**2/2 + 30*t. Calculate r(-1).
5
Let i(n) be the first derivative of -1/3*n**3 + 2*n + 5/2*n**2 + 3. Determine i(5).
2
Let s(m) = m**2 - 6*m - 7. Suppose 5*t - 31 = -0*t + 2*k, 4*k = -t + 15. What is s(t)?
0
Let y = -2 + 3. Suppose -2*g - 7 = y. Let d(x) = x**2 + 5*x + 5. What is d(g)?
1
Let r(y) = -9*y**2 - 6*y - 3. Let c(s) = 5*s**2 + 3*s + 2. Let o(z) = 7*c(z) + 4*r(z). What is o(-6)?
-16
Let a = -15 + 19. Let i(b) = -b**2 + 2*b + 4. Give i(a).
-4
Suppose -5*q - 6 - 14 = 0. Let i(b) = -2*b + 2*b - 2*b + b. Determine i(q).
4
Let a(i) = 2*i**3 + 2*i**2 + 1. Suppose 48 - 34 = -7*f. Give a(f).
-7
Let u(s) = 9*s**2. Let r = -27 - -28. What is u(r)?
9
Let u(b) = -b - 8. Let j be (3 - 2) + 11/1. Suppose 5*s = f + 3*f - 15, 0 = -4*s - j. Give u(f).
-8
Let h(q) be the second derivative of -q**3/3 + q**2 + 14*q. Determine h(-4).
10
Let l(b) be the first derivative of -b**2/2 + b + 11. What is l(5)?
-4
Let b(r) = -r**2 - 2*r + 2. Let z = -4 + 2. Let t = z + 3. Let i(y) = 3*y**2 - 1. Let u be i(t). What is b(u)?
-6
Let n = -15 + 3. Let t be 62/n + (-1)/(-6). Let i(u) = u**2 + 4*u + 5. Calculate i(t).
10
Let i(s) = 112*s - 112*s + 3*s**2 + s**3. Determine i(-4).
-16
Suppose 3*y + 4 = 4*y. Let p(v) = -5*v**3 - 10*v**2 - v + 11. Let a(r) = r**3 + r**2 - 1. Let n(m) = 6*a(m) + p(m). Give n(y).
1
Suppose -3*k + 5*k = -2*i, -4*i + 4 = 2*k. Let w(o) = -o**3 - o**2 - 2*o - 1. What is w(i)?
-17
Let o(z) = z + 7 - 4*z**2 + 7*z**2 - 9 - z**3. Determine o(2).
4
Let h = 7 + -9. Let z(l) = 3*l**2 + 19*l - 9. Let o(v) be the first derivative of v**3/3 + 3*v**2 - 3*v + 1. Let n(c) = h*z(c) + 7*o(c). Give n(-4).
-3
Suppose -g + 4 = -0*g. Let j(o) be the third derivative of -o**5/60 + o**4/4 - 5*o**3/6 + 18*o**2. Calculate j(g).
3
Let b(r) = -r**2 + 10*r + 7. Let a(s) = -s**2 + 9*s + 7. Let t(j) = 4*a(j) - 3*b(j). Determine t(6).
7
Let t(i) = -4*i**3 + 1. Let f(b) = -b + 13. Let y be f(7). Suppose 3*h = g - 12, -2*h - g = -0*g + 13. Let n = y + h. Calculate t(n).
-3
Let t(p) = p**2 - p + 6. Suppose 4*q = 5*w + 11 + 5, 5*q = 20. Give t(w).
6
Let v(a) = -a**2 - 8*a - 5. Let o(x) be the second derivative of -x**4/6 - 17*x**3/6 - 11*x**2/2 - 2*x. Let i(h) = 2*o(h) - 5*v(h). Give i(-4).
-5
Let z(v) = 2 - 10 - v**2 + 2*v**2. Suppose 2*p = -3*w + 3, 3*p - 4*w + 5 = w. What is z(p)?
-8
Let z(p) = 4*p**3 + p**2 - 3*p - 3. Let o(v) = 2*v**3 + 0*v**2 - v**3 + v**2. Let l(h) = 5*o(h) - z(h). Determine l(-2).
5
Let z(c) be the first derivative of -c**4/4 + 10*c**3/3 - 9*c**2/2 - 8*c - 61. Determine z(9).
-8
Let l(b) = 3*b**2 + 3*b + 0*b + 1 - 2 - 2*b**2. Determine l(-3).
-1
Let m(b) = 1 + 4*b**2 + 5*b**3 - 2*b**3 + 3*b**3 - 5*b**3. Give m(-4).
1
Suppose -2*a + 4 = 2*a. Let n(b) = -5*b + 3*b + b. What is n(a)?
-1
Let q(t) = -t**3 - 2*t**2 - 1. Let k(a) = -3*a**3 - 5*a**2 + a - 3. Let j(s) = -2*k(s) + 7*q(s). Calculate j(-3).
-4
Let w(f) = -2 + f**2 + 0*f**3 - f**3 + 3 + 2*f**3 + f. Give w(-2).
-5
Suppose -12 = -3*t - t. Let z(y) = -5*y**2 + y**3 - t*y - 2*y + 2 + 2*y**2. Calculate z(4).
-2
Let w = 6 + -14. Let y = w + 14. Let t(u) = 7 - y*u**3 + 4*u**3 - u**2 + u**3 + 0. Determine t(0).
7
Let x(z) = -z**3 + 3*z**2 - z - 1. Let i be (-3)/(-1) + (0 - 0). Give x(i).
-4
Let i(f) = f + 4. Let u(k) = -k - 5. Let t = 1 - 4. Let o(y) = t*i(y) - 2*u(y). Determine o(6).
-8
Let d = 16 - 12. Let n(t) be the third derivative of -t**4/8 + t**2. Calculate n(d).
-12
Let q(y) = y**2. Suppose 3*c = c. Suppose w + 4*k = -0*w + 6, c = -2*w + 2*k - 8. Determine q(w).
4
Let w(p) be the second derivative of 7*p**3/6 + 8*p. Suppose 6*j - 50 = 2*j + 2*m, 41 = 4*j - 5*m. Let l(i) = -2*i. Let a(q) = j*l(q) + 5*w(q). What is a(-1)?
-7
Let g(k) be the third derivative of -1/120*k**6 + 0*k + 1/2*k**3 + 0 + 4*k**2 - 7/24*k**4 + 7/60*k**5. Calculate g(6).
-3
Let w(h) = h**3 - 6*h**2 + 6*h - 7. Let y = 5 - 3. Suppose 9 = y*v - 1. Determine w(v).
-2
Let a(y) = y**2 + 9*y - 19. Let s be a(-11). Suppose q - 13 = 2*t, s*q = t + 4*t + 35. Let d(f) = -f**2 + f + 6. Give d(q).
-14
Let v(n) = n - 8. Let w be v(13). Let t(p) be the first derivative of -5/3*p**3 - 7*p + 1/4*p**4 + 1/2*p**2 + 2. Determine t(w).
-2
Let x(u) = -2*u**3 - 3*u**2 - 4*u - 6. Let r(b) = -b**3 - b**2 - b - 1. Let p(a) = 3*r(a) - x(a). Give p(0).
3
Suppose -p + 4*p - 6 = 0. Suppose j - 5 + 3 = 0. Let c(m) = -2*m + 1 - j*m + 3*m. Calculate c(p).
-1
Let m(k) = 8*k + 6. Let w(n) = 9*n + 7. Let i(o) = 7*m(o) - 6*w(o). Let u be ((-1)/(-2))/(2/12). Determine i(u).
6
Suppose 2*i + 8 = 4*i. Let t be ((-16)/i)/(-2) + -2. Let z(f) = -f + 6. Determine z(t).
6
Let f(y) be the third derivative of y**6/120 + y**5/20 + y**4/8 + 4*y**2. Determine f(-2).
-2
Let l(o) = o**2 - 2. Let r be 6*(49/(-21) - 2/(-1)). Determine l(r).
2
Let n(x) = -5*x**3 + 36*x**2 - 35*x + 28. Let b(q) = q**3 - 9*q**2 + 9*q - 7. Let f(z) = -9*b(z) - 2*n(z). Give f(-10).
17
Let u be (-6 - -5)/(2/(-6)). Let l(z) = -3 - 2*z**2 - u*z + z + 5. Let p = -53 + 50. Give l(p).
-10
Let r(x) = -x + 1. Let y(b) = -b**3 - b**2 + 5. Let o(q) = r(q) + y(q). Let k(i) = -i**3 - 7*i**2 - 7*i - 6. Let l be k(-6). Give o(l).
6
Suppose y - 4*y - 30 = 0. Let j be ((-4)/y)/(1/(-5)). Let l(m) = m - 1. Let w(u) = 10*u - 6. Let x(i) = 5*l(i) - w(i). Calculate x(j).
11
Let t(m) = m**3 + 6*m**2 + 6*m + 3. Let k be (-2)/12 - 279/(-54). Suppose -4*i = -5*f - 28 - k, -2*i - 21 = 5*f. Calculate t(f).
-2
Let p be (-42)/147 - (-46)/14. Suppose -y = 3*q - 4*y - 18, -2*q + 7 = p*y. Let o(d) = -5*d**2 - 5*d - 5 + 6*d**2 + 1. What is o(q)?
-4
Let j(u) = -5*u + 2. Let o = 6 - 3. Suppose 5*m - o = -23. Let h = -2 - m. Give j(h).
-8
Let m(g) be the first derivative of g**2 - 4*g + 1. Suppose -v - 14 = -3*d, 0 = -2*d + 2*v - 0*v + 12. Determine m(d).
4
Let j be (-5)/(-10)*-10 + -1. Let w(d) = -d**2 - 8*d - 8. What is w(j)?
4
Let a(l) = 2*l**2 + 5 + 2*l - 3*l**2 + 5*l - 2*l. Calculate a(6).
-1
Let f(o) = 9*o**2 + 9*o**2 - 22*o**2 + 4 - 4*o + 3*o**2. Give f(-4).
4
Suppose -3*o - 4*u = -35, 3 + 2 = u. Let x(h) be the third derivative of h**4/12 + h**3/6 - 5*h**2 + 1. What is x(o)?
11
Suppose -2*z + 2 = -2. Let n(w) = w - z - 4 - 1. Let m = -1951 + 1951. Give n(m).
-7
Suppose -4*m + 5*a = 17, 4*m + 2*a + 3*a - 33 = 0. Let n(w) = -w**2 - 8*w + 2. Let g be n(-8). Let o(b) = -2*b**2 + 2*b**g + 2*b - 3 - b**2. Give o(m).
-3
Let s(k) = k**3 + k**2 + k + 12. Let w be (0 - 0)*(-5 + 4). Calculate s(w).
12
Let a(o) = -o + 6. Let l(z) = z - 7. Let b be l(9). Suppose n = -b*n - 6. Let u be (n - -1)/((-1)/5). Give a(u).
1
Let o(c) = -c**3 + c**2 - c + 1. Suppose 2*b = 1 + 1. Calculate o(b).
0
Let t(x) = -x - 4. Suppose 0 = 3*u - 0*u - 9. Suppose u*l - l + 10 = 0. Give t(l).
1
Let l(q) = q**2 - 2*q - 7. Suppose -4 = 4*z - 0*z - f, -4*z + 20 = 5*f. Suppose z = -2*a + a + 5. Determine l(a).
8
Let s be 4/10*5/4. Let z(u) be the second derivative of 0 - 1/12*u**4 - u**3 - u + s*u**2. Calculate z(-5).
6
Let r(o) = -o**3 + 15*o**2 + 11*o - 5. Let m(a) = -a**3 + 16*a**2 + 11*a - 4. Let l(t) = -6*m(t) + 7*r(t). What is l(10)?
-1
Let n = -3 - -5. Let k(x) be the first derivative of x**3/3 - x - 3. What is k(n)?
3
Let b = -28 + 36. Let h(r) = r + 4. What is h(b)?
12
Suppose 16 = -9*f + 79. Let q(s) = 4*s - 8. Determine q(f).
20
Let g(z) = z**2 - 2*z - 3. Let k be g(4). Suppose 2*l + 3 - 16 = -3*y, -5*l + 10 = 0. Suppose v = k - y. Let j(b) = b - 2. Give j(v).
0
Let w(v) = -12*v + 34. Let h(o) = o - 3. Suppose -5*l = 358 - 18. Let f(m) = l*h(m) - 6*w(m). Determine f(1).
4
Let t(p) = -p - 9. Let s be t(-11). Suppose -v - 7*w + s*w = -17, -9 = -3*w. Let x(u) be the first derivative of -u**2/2 + u + 1. Determine x(v).
-1
Let i = -7 - -11. Let w(x) be the third derivative of x**5/60 - x**4/6 + x**2 + 103*x. What is w(i)?
0
Let f(q) = q - 1. Let b be f(4). Let g be (2/(-6))